t of m?
1
Suppose 2*m - 4*g = -0 + 6, -g + 21 = -5*m. Let s(c) = -2*c**3 - 4*c**2 - c - 2. Let l be s(m). Let b = -80 + l. What is the tens digit of b?
7
Let s be 1*20/25*5 - 2. Suppose -s*a + 34 = -v + 2*v, -5*v + 95 = -5*a. What is the tens digit of v?
2
What is the thousands digit of 4 + 309372/16 - (-2)/(16/(-6))?
9
Let t(r) = -49*r**3 + 6*r**2 + 6*r - 1. Let p be t(-1). What is the units digit of 158/(-3)*(-72)/p?
9
Let w(s) = 52*s**2 + 16*s - 74. Let c(p) = 6*p + 29. Let h be c(-4). What is the thousands digit of w(h)?
1
Suppose -5 = h, 7*b - 77 = 5*b + 5*h. Suppose -b = -2*v - 4*m, -3*m = 4*v + 2*m - 43. Suppose -d - v + 16 = 0. What is the units digit of d?
9
Let k = 76358 + -14678. What is the tens digit of k?
8
Suppose 18*p + 960096 = 50*p. What is the units digit of p?
3
Suppose -6 = -2*g, -g - 2*g = 3*r - 15. Suppose 2*f + 5*p = -12, 3*p = 5*f + r*p - 24. Suppose f*v = 155 - 15. What is the units digit of v?
5
What is the hundreds digit of (-19 + -4)/(-138) - 346474/(-12)?
8
Let d be (-104)/39*(-18)/8. What is the tens digit of (5 - d)*1 - 1410/(-3)?
6
Suppose -3*y + 1491 = -5*k, y - 2*k = 5*y - 2014. Suppose -88*l = -87*l - y. What is the hundreds digit of l?
5
Let f(o) = 136*o**2 - 9. Let v be f(-3). Let m = 2458 - v. What is the units digit of m?
3
Let l(f) = f**3 + 14*f**2 - 15*f + 8. Let y be l(-15). Let i = 23 - y. Suppose 92 = -i*z + 19*z. What is the tens digit of z?
2
Let w(h) = 711*h - 1278. What is the tens digit of w(3)?
5
Let f(c) = c**3 - 8*c**2 + 14*c - 5. Suppose 17*h = 22*h - 50. What is the hundreds digit of f(h)?
3
Let c(q) = -q**2 - 20*q - 34. Let k be c(-18). Suppose 3*d = f + 148, -85 = -2*d + 3*f + k. Suppose 49*n = 46*n + d. What is the tens digit of n?
1
Let m = 3121 - -20102. What is the thousands digit of m?
3
Let n(v) = -v - 2. Let x(y) = 3*y**2 + 15*y - 15. Let a(b) = 6*n(b) - x(b). Suppose 5*f - 46 = 4*w - 13, -4*f = 3*w + 17. What is the units digit of a(w)?
3
What is the hundreds digit of 140972/14 + (-37)/(-2072)*32?
0
Let t = 9148 + -5139. What is the thousands digit of t?
4
Let j = 5623 + 14448. Suppose j = 33*c - 2171. What is the units digit of c?
4
Let c be ((36/14)/3)/((-1)/(-7)). Suppose -c*y = -1382 - 2302. What is the tens digit of y?
1
What is the units digit of 1 + 35/(-15) + (-31678)/(-9)*3?
8
Suppose r - 4 = 3*r. Let v be 3/6*(-3 - 1). What is the tens digit of v - (r/(-3) - 583/33)?
1
Let l = 129 - 125. Suppose 5*o = l*h - 1362, -3*h + 532 = -5*o - 487. What is the units digit of h?
3
Suppose -p - 3*t + 5976 = 0, -3*p - 3*t + 11064 + 6828 = 0. What is the tens digit of p?
5
Suppose 0 = o - 3*b - 18217, 22*o + 18223 = 23*o - 2*b. What is the hundreds digit of o?
2
Let n = 12308 - -1352. What is the thousands digit of n?
3
Suppose -27 - 29 = -14*u. Suppose u*l - 2928 = -8*l. What is the hundreds digit of l?
2
Let d be (-1)/2*2 - 1. What is the hundreds digit of (-2 - 1)*(-124 + d)?
3
Let h(i) = -7*i + 54*i**3 - 4 - 27*i**3 - 6*i**2 - 25*i**3. Let w be h(4). Suppose -d = w, -4*a + 2*d + 210 = -130. What is the tens digit of a?
8
Let m(k) = -9*k - k**2 - 2*k**2 + k + k**3. Let o be m(-4). Let c = o + 168. What is the tens digit of c?
8
What is the tens digit of ((-3)/(-6))/(((-105)/(-139110))/7)?
3
Let g(j) = -7*j + 114. Let i(r) = -15*r + 227. Let q(n) = 5*g(n) - 2*i(n). What is the units digit of q(23)?
1
Let x(z) = -z**3 + 16*z**2 + 17*z + 3. Let h be x(17). Suppose -40 = -11*s + h*s. Suppose 0 = r - i - 111, s*i = 2*r - r - 123. What is the units digit of r?
8
What is the hundreds digit of 16/(-104) + 332208/39 + 2?
5
What is the thousands digit of 86*356 - ((-6)/(-15))/((-28)/(-140))?
0
Let l = 5 + 5. Suppose -v + 3*v - l = 2*r, -2 = -v. What is the tens digit of (-243)/r - (-4)/((-8)/(-6))?
8
Let w = 1 + 0. Let z be 2/((-3)/6*w). What is the tens digit of z/10 + (-432)/(-5)?
8
Let b be (-2)/(-6)*2*6. Let k = b - 17. Let p(o) = -10*o - 43. What is the units digit of p(k)?
7
Let a(x) = 2*x**2 - 3 - 14*x - 5*x - 8 + 1. Let d be a(10). Let w = d + 78. What is the tens digit of w?
7
Let s(n) = -n + 15. Let q(x) = 3*x - 25. Let b be q(5). Let j be s(b). Let t = j + -3. What is the tens digit of t?
2
Suppose -4*n = 0, -3 = -u + 5*n - 0. Suppose 0 = 5*t + b + u*b - 1030, 2*t - 4*b - 384 = 0. What is the tens digit of t?
0
Suppose 251*k + 148*k = 115*k + 3373068. What is the tens digit of k?
7
Let q be -13 + 1982 + 4 + 4. Suppose -4*l + 343 + q = 0. What is the tens digit of l?
8
Let v(w) = 104*w**2 + 1. Let f(a) = -189*a**2 - a - 19*a**2 + 0*a + 0 - 1. Let b(r) = -4*f(r) - 7*v(r). What is the tens digit of b(1)?
0
Let g(c) = 2*c**3 - 10*c**2 + 11*c - 18. Suppose 0 = 5*k - f + 1 - 0, 2*f - 2 = 4*k. Let j be ((-3)/4 - 0)*(k - 8). What is the units digit of g(j)?
0
Let s = -114 + 101. Let i(f) = -2*f**3 - 22*f**2 + 6*f + 3. What is the tens digit of i(s)?
0
Let g = 46 + -52. What is the units digit of (-13599)/(-45) + g/5?
1
Suppose -56231 = -15*q + q + 111783. What is the thousands digit of q?
2
Suppose -7*a + 9*a - 18 = 0. Let u be a*(-1)/(-3) + 33. What is the tens digit of (18/u)/(1/150)?
7
Let v be 76/12 - 16/12. Suppose 0 = 5*i - 3*b + 23 - 1315, -v*b + 5 = 0. What is the units digit of i?
9
Let b(i) = -45*i + 1. Let r be b(5). Let p = r + 265. What is the units digit of p?
1
Let i(h) = -h**3 + 4*h**2 - h - 2. Let a be i(2). Let d be 1104/2 - ((-15)/(-3) - a). Let s = d + -308. What is the units digit of s?
3
Let f be (-25)/(-2) - (-10)/20. Let v be -1 + 1 + (f - 5). Let r(c) = c + 10. What is the units digit of r(v)?
8
Let o(k) = k**2 - 7*k + 64. Let d(n) = n**2 - 15*n + 129. Let m(y) = -3*d(y) + 5*o(y). What is the units digit of m(11)?
5
Let k be (0 - -2)/(3/6). Suppose -2*o - 2*d + 186 = 0, 2*d = 16*o - 14*o - 190. Suppose -u = 5*c - o, -k*c + 2*c + 32 = -u. What is the tens digit of c?
1
What is the thousands digit of ((-12870)/390)/((-2)/234)?
3
Let p be 23 + (-6)/((-8)/(-4)). Suppose -2720 = -25*c + p*c. What is the tens digit of c?
4
What is the hundreds digit of (-43100)/30*(-846)/15?
0
Let g be (-738)/(-82) - (1 + 4). Suppose -j = -g*h + 2208 - 365, 0 = -3*h - 5*j + 1411. What is the units digit of h?
2
Let f be (-6)/(-9)*(-18)/4. What is the units digit of f - (-3 + -1 - 689)?
0
Suppose 2*w = -3*x + 30 - 1, -2*w = 2*x - 28. Suppose w*z - 6*z = 3297. What is the tens digit of z?
7
Let t(g) = 733*g + 731*g + 52 - 2932*g + 739*g + 732*g. Let o = -35 + 59. What is the units digit of t(o)?
4
Suppose -144832 = -19*z + 37340. What is the tens digit of z?
8
Suppose -3*y + 2*y = -a + 297, a - 281 = 5*y. Let p = a - 36. What is the units digit of p?
5
Suppose -16*b - 19*b + 385 = 0. Suppose -23 = -2*q - 5*g, 3*q = -2*g - 2*g + 17. Let a = q + b. What is the units digit of a?
0
Let y be ((-23)/(-69))/((-1)/(-18)). Let a be 399/1 - (-7 + y). Suppose 11*p - 6*p - a = 0. What is the tens digit of p?
8
Let y(p) = -143*p + 90. Let d(h) = 48*h - 29. Let t(o) = 17*d(o) + 6*y(o). What is the hundreds digit of t(-9)?
4
Let r(h) be the third derivative of 17*h**5/60 - 5*h**4/4 + 5*h**3/6 + 14*h**2 + 2. What is the tens digit of r(5)?
8
Suppose 3*t + 1641 = 3*k, -4*k = 3*t - 0*k + 1662. What is the tens digit of (-4)/(-2 - 2) - t/10?
5
Let r(b) = -b**3 + 5*b**2 - 2*b - 7. Let p be r(3). Let o(k) = -2*k**2 + 15*k - 3. Let d be o(7). What is the hundreds digit of -23*(8 - d - 5)*p?
1
Let g be (-23)/(161/(-42))*1/2. Let t(x) = 273*x - 60. What is the tens digit of t(g)?
5
Suppose 0 = 33*m - 122 - 142. Let z(d) = -2*d**2 + 1 + 4*d + 3*d**2 - 12. What is the units digit of z(m)?
5
What is the tens digit of 444876/(-84)*-7 - -20?
9
Let q = -173 - -178. Let i(d) = -15*d + 62. Let y(n) = -5*n + 21. Let a(c) = -3*i(c) + 8*y(c). What is the units digit of a(q)?
7
Suppose 2*j + 286 - 86 = 0. Let p = -80 - j. Let q = 21 - p. What is the units digit of q?
1
Suppose 4*a + 9495 = d, 4*d + 3220 = -a + 41081. What is the units digit of d?
7
Suppose -2*i = 4*h - 14, 3*h = 4*h + i - 6. Suppose h + 41 = -14*u. Let x = 153 + u. What is the hundreds digit of x?
1
Let h(p) = p**2 - 9*p - 17. Let x be h(11). Suppose 2*r = 4*k - 14, 2*r + 13 = 2*k + x. Suppose k*i - 299 = -110. What is the units digit of i?
3
Suppose 21 = -6*z - 21. Let g(s) = 10*s**2 - 49. What is the units digit of g(z)?
1
Suppose 4*n + 49*v = 50*v +